 -1646 - -3491. What is the units digit of o?
5
Let v be (5/(-2) - -1)*-2. Suppose -3*w + w - 2 = 0, g - 3*w - 19 = 0. Suppose -v*a = -3*m - 183, 0*m = 4*m + g. What is the tens digit of a?
5
What is the tens digit of (455/(-70) - (-18)/4)*(-10907)/2?
0
Let f(q) = 215*q + 1248. Let l be f(0). Suppose 0*r + r = 0. Suppose 8*s - l = -r*s. What is the units digit of s?
6
Let d = 47 - 42. Let n(g) = -g**3 + 4*g**2 + 7*g - 8. Let r be n(d). Suppose -v = -3*t - 0*v + 425, r*t - v = 283. What is the tens digit of t?
4
Let z(o) = -72*o**3 - 10*o**2 - 107*o + 25. What is the units digit of z(-6)?
9
What is the thousands digit of (-14)/4*165010/(-35)?
6
Let x = 273 + -181. Let b = 217 + -142. Suppose -3*a - 4*u - u = -b, x = 4*a + 4*u. What is the tens digit of a?
2
Suppose -4 = -2*i - 5*n + 5, 3*n = 3. Suppose 574 = 3*q + i*f - 211, q - 261 = -f. What is the units digit of q?
3
Suppose 17*n + 13 + 38 = 0. Let v(p) = 6*p**2 - 12*p - 7. What is the units digit of v(n)?
3
Let a(h) = -54*h - 225. Let y(n) = -25*n - 113. Let s(f) = -2*a(f) + 5*y(f). What is the hundreds digit of s(-18)?
1
Let t(h) be the first derivative of 7*h**4/4 - 3*h**3 + 19*h**2/2 + 9*h - 230. What is the thousands digit of t(6)?
1
Let t(d) = -19*d + 5. Let c be t(-4). Let f(u) = -2*u**3 - 51*u**2 - 33*u - 201. Let l be f(-25). What is the tens digit of c - ((1 + l)/3 - 2)?
8
Let u be (-4 + 4 - 1)*6. What is the units digit of (230 + -6 + 4)/((-2)/u)?
4
What is the units digit of 24024000/2080 + 4/(-1) + 1?
7
Let n(i) = 18*i + 407. Let q(o) = 35*o + 814. Let u(a) = -5*n(a) + 3*q(a). What is the tens digit of u(0)?
0
Suppose v - 11 = -3*d, 2*d - v - 13 = -d. Suppose 2*p - 960 = -4*m, -3*p = -2*m + d*m - 1460. Suppose -8*s = -s - p. What is the units digit of s?
0
Let s = -9340 - -17313. What is the tens digit of s?
7
Let t(q) be the first derivative of -q**4/4 + 17*q**3/3 + 10*q**2 + 6*q + 14. Let p = -69 - -87. What is the tens digit of t(p)?
4
Suppose -5*n = 13*u - 16*u - 714, 3*n + 3*u = 438. Suppose 150*c = n*c + 2988. What is the units digit of c?
8
Suppose -2*o - 2 = 0, 3*i + 5*o + 17 = -0*o. What is the tens digit of i/(-10) + 506/10?
5
Let n be -2 + 9/3 + 1. Suppose 3*f - 29 = 4*h, n*h = -0*f - 3*f - 1. Suppose -6*v + v = 3*u - 201, -f*v + u = -129. What is the tens digit of v?
4
Let l = -8905 - -13047. What is the thousands digit of l?
4
Let h(v) = v**2 - 4*v + 8. Suppose -4*a + 22 = u + u, -2*a - 23 = -u. Suppose 5*r = 52 - u. What is the tens digit of h(r)?
2
Suppose 15*o = -9*o + 53664. What is the thousands digit of o?
2
Let d be 0 - (3 - (2 - 5)). Let c be (4/d)/(2*2/(-816)). Let q = 207 - c. What is the tens digit of q?
7
Let o be (1/(-7) - 0) + 781/77. What is the tens digit of (-846)/(-15)*25/o?
4
What is the ten thousands digit of 2/32 + -5*10/800 + 37261?
3
Suppose -5*y = -j + 6, 5*j - j - 4*y = 24. Let o be (16 + -13)/(j/(-206)). What is the tens digit of (o/(-3) + 1)/(16/96)?
1
Suppose -4*i = 3*q + 21, 5*q + 0 + 27 = -4*i. Let x be -6*1/(i/22). What is the hundreds digit of (1 + (-30)/(-8))*x*1?
2
Suppose 34*z = 54*z - 1200. Let i = 741 + z. What is the hundreds digit of i?
8
Let d be (-2)/(-2) + 1 + 43 + -45. Suppose d*q - 382 = -2*q - 4*r, -4*q + 3*r = -797. What is the tens digit of q?
9
Let p(b) = -295*b - 202. What is the thousands digit of p(-30)?
8
Suppose -3*j = -j + 38. Suppose 0 = -4*g + 2*w - 100, w - 36 = 4*g + 60. Let o = j - g. What is the units digit of o?
4
Let o(k) = 3*k**2 - 13*k + 4. Suppose -2*c = b - 7 + 18, -3*c - 23 = -5*b. Let y be o(c). Suppose 4*t = 16, -x + 10*t = 6*t - y. What is the tens digit of x?
0
Let c be (2950 + 5 - -6) + (3 - -1). Let k = c - 2041. What is the hundreds digit of k?
9
Let d be ((-3)/(-12))/(25/360)*40. Suppose 48*k = 57*k - d. What is the tens digit of k?
1
Let f be (186/(-24) - 3) + 30/(-24). What is the hundreds digit of (-3)/f*-86*(-52 + 0)?
1
Let p = 10709 - 7875. What is the tens digit of p?
3
Let n(h) = 2746*h + 24208. What is the thousands digit of n(9)?
8
Let i(x) = 4*x**2 + 41*x + 14. Let q be i(-10). Suppose -5*c + 4*c + 430 = -g, -g = -q*c + 1705. What is the hundreds digit of c?
4
Let x(n) = 19 - n**3 + 15*n**2 - 16*n + 4*n**3 - n**3 - 3*n**3. Let a be x(13). Suppose 0 = -6*t + 307 + a. What is the units digit of t?
6
Let t = -332 + 323. What is the tens digit of 7 - (-1643 + (-36)/t)?
4
What is the hundreds digit of ((-220)/440)/((-2)/23796)?
9
Let f(j) = 180*j + 464. What is the tens digit of f(26)?
4
Suppose -5*i + 113*d = 111*d - 30640, -4*i + 24512 = -5*d. What is the thousands digit of i?
6
Let l = 263 - 265. What is the units digit of (-5)/(-35) - (628/7)/l?
5
Let x(v) = -13*v - 63. Let q = -272 + 248. What is the units digit of x(q)?
9
Let k be (-4)/(-14) + ((-902)/(-77) - -1). Suppose 12*m = k*m - 371. What is the hundreds digit of m?
3
Suppose 2*o - u = o - 55, 3*o + 158 = -4*u. Let g = -172 - o. Let f = -13 - g. What is the tens digit of f?
0
Suppose -5*l = -2*c - 3*c - 55, -2*l - c = -22. Suppose -403 = l*b - 106. What is the tens digit of 8/6 - 1773/b?
6
Let f(m) = -m**2 + 15*m - 44. Let a be f(10). Let r(w) = -w**3 + 6*w**2 - w + 6. Let k be r(a). Suppose 6*i + 3*i - 1467 = k. What is the tens digit of i?
6
Suppose 131*c = 130*c + 24. Suppose 18609 = c*o - 3615. What is the tens digit of o?
2
Suppose -15 = 5*o - 5*u, 3*u + 6 - 11 = -o. Let z(b) = 1817*b**2 + 5*b + 7. What is the tens digit of z(o)?
1
Suppose -3*x + 97319 = 2*k, 4*x - 179*k - 129760 = -182*k. What is the hundreds digit of x?
4
What is the units digit of ((-15657)/(-2))/(78/8 - (-9 - -18))?
8
Suppose 2*f = -6, 4 = 3*o + 5*f + 1. Let u be o*1*(-8)/(-12). Suppose -b = -6*h + h - 63, u*b = -4*h + 228. What is the tens digit of b?
5
Let b(x) = -3549*x + 11785. What is the ten thousands digit of b(-6)?
3
Let t(m) = 6*m**3 - 172*m**2 - 59*m + 408. What is the units digit of t(35)?
3
Suppose 37*g - 84 = 9*g. Suppose -5*j = -p - 3447, 0*j - 2085 = -g*j - 5*p. What is the hundreds digit of j?
6
Let r(a) = a**3 + 28*a**2 + 4*a - 32. Let k be r(-29). Let d = k - -2580. What is the thousands digit of d?
1
Let v = 54 - 53. What is the hundreds digit of -3 - ((v - 187) + -6)?
1
Let u be ((-22)/(-8))/11 + (-49294)/(-8). Suppose 5*j + 2*h = u, h + 6155 = 5*j - 4*h. What is the tens digit of j?
3
Suppose -5*c + 13 - 3 = 0. Suppose 4*s = s + c*v + 19, 3*v = 2*s - 16. Suppose 3*q - 10 - 4 = -s*m, 0 = -5*m + 2*q + 24. What is the units digit of m?
4
What is the tens digit of 9129066/(-558)*6/(-2)?
8
Suppose 19*u - 92719 - 301949 = 0. What is the hundreds digit of u?
7
Suppose 61*a = 49*a - 3240. Let b = a + 280. What is the units digit of b?
0
Suppose 1801170 + 449682 = 321*b. What is the tens digit of b?
1
Let m = 18 + -22. Let b be ((-1)/(-2)*(0 - 2))/(-1). What is the units digit of 2 + b + m + 32?
1
Suppose -2*n = y - 73, 0*n + 299 = 4*y + n. Let m = y + 86. Suppose -3*w + 6*w - m = -s, 5*w = 2*s + 261. What is the tens digit of w?
5
Let s be 73/(2 - ((-16)/12 + 3)). Let u = s - 121. What is the units digit of u?
8
Let k = 1527 + -906. What is the units digit of (1*3)/(-6 - k/(-103))?
3
Let i = -31 + 39. Let w(m) = m - i - 6*m + 10. What is the units digit of w(-1)?
7
Suppose 5 = l, q + 0*q - 236 = -4*l. Suppose 3*y = 2*x - 983 + q, -361 = -x - 3*y. Suppose -4*o = 3*z - 310, -5*o - x = -4*z - o. What is the tens digit of z?
9
Let n(g) = 1. Let a(d) be the third derivative of 5*d**4/24 + 58*d**3/3 - 13*d**2. Let v(h) = a(h) + 2*n(h). What is the units digit of v(0)?
8
Let p = 733 - -1322. Suppose -p = 28*w - 8775. What is the hundreds digit of w?
2
Suppose -11*t - 8*t = -t. Suppose t = -q + 347 + 94. What is the tens digit of q?
4
Let o be (-195)/(-45) - 1/3. Suppose -4*i = f - 24, -o*i + 0*f = 2*f - 20. What is the units digit of i/14 - (-157)/2?
9
Suppose -2*h + 3*o + 607 = 0, h - 2*o = -3*o + 291. Let n = -226 + h. What is the units digit of n?
0
Suppose 416779 + 633851 = 70*z. What is the hundreds digit of z?
0
Let o(d) = -d**3 - 2*d**2 - 2*d - 3. Let w = -35 - -30. Let u be o(w). Suppose -j + u = 3. What is the tens digit of j?
7
Suppose 5*z - 21 = -1. Let x be (-4 - (-1 + 1))/(z + -5). Suppose -3*i - 384 = -x*y, 2*i - 581 = -4*y - 197. What is the tens digit of y?
9
Let o = -4 + 6. Suppose 4*k = -3*i - 0 - o, 5*i = 3*k - 42. What 